 + -169. Suppose -g*f + 10*f = 38992. Is f prime?
False
Suppose -171*i = 134*i - 51150635. Is i a prime number?
False
Let n(d) = 4167*d + 2242. Is n(15) a prime number?
True
Let w(j) = 760*j - 4. Let z be w(1). Let f = 1965 + z. Is f composite?
True
Let u(w) = -10865*w + 358. Let j be u(-10). Suppose 9*i = j - 40257. Is i a prime number?
True
Suppose -410891 = 38*g - 2846805. Is g a composite number?
True
Let h(i) = -5 - 3 + 13 + 283*i - 72*i. Is h(6) prime?
False
Let w = 10381 + 15018. Is w prime?
False
Let m = 44 + -44. Suppose 8*i + 10 = 10*i. Suppose 2*x - 2*d - d - 638 = m, 0 = -x + i*d + 319. Is x prime?
False
Let b(m) = -3559*m**3 + 31*m**2 + 122*m + 5. Is b(-4) a composite number?
False
Suppose 0 = 10*m - 477 + 57. Is 28/m*99642/4 composite?
False
Let o(b) be the second derivative of 439*b**3/6 - 4*b**2 - 2*b + 5. Is o(1) a composite number?
False
Let j = 155843 + -92502. Is j composite?
True
Let u be (-1 - 2)/(6/62). Is (14/(-4))/(u/29698) a composite number?
True
Suppose 132*z = 9679856 + 31424020. Is z a prime number?
True
Let n(u) = 21391*u - 350. Is n(3) a prime number?
True
Suppose v - 3133 = 4*v + 2*y, 5243 = -5*v + 2*y. Let c = 2274 + v. Is c prime?
False
Suppose 1119520 = 84*r + 393844. Is r a prime number?
False
Let o(a) = 248*a + 27. Let f(w) = 495*w + 53. Let d(k) = -6*f(k) + 11*o(k). Let t be d(-7). Let z = t + -822. Is z composite?
True
Let z = 2 - -3. Is (-3486)/(-7) + 0 + z a composite number?
False
Suppose -s - 7*s = -32. Suppose -2*o - s*a = -18, o + 9 = a + 3. Is (o/(-2))/(((-3)/2274)/(-1)) a prime number?
True
Suppose 3244 + 790 = 2*u. Suppose 8931 = -24*t + 675. Let r = t + u. Is r prime?
False
Let g = -279974 - -637077. Is g a prime number?
True
Let h(a) = 50*a**2 - 8*a - 3. Let g(x) = -96*x - x**2 + 39*x + 46*x - 37. Let u be g(-6). Is h(u) a composite number?
False
Suppose 0 = -105*f + 13*f + 1202861 + 19598247. Is f prime?
True
Suppose 66468 = -442*q + 454*q. Is q composite?
True
Suppose 4*t - 224689 = -2*p + 150509, -3*t + 375205 = 2*p. Is p a prime number?
False
Let q = -201 + 169. Let b(l) = -l**3 - 31*l**2 - 24*l + 49. Is b(q) prime?
False
Suppose 0 = 11*w - 25 + 14. Is -2 + (w - -23886) + 8 composite?
False
Suppose -14921 = -4*n + 5463. Suppose 11*f - n = 3*f. Suppose -m = -4*j - f, 3*m - 2*j = -0*j + 1921. Is m a prime number?
True
Let n = -63 + 35. Let r = 27 + n. Is r/(3/(-1665)) - (2 - 4) a composite number?
False
Suppose 5 = 3*b - 76. Suppose -b*a = -22*a - 5815. Is a composite?
False
Let f(o) be the first derivative of o**4/4 - o**3/3 + 17*o**2 - 11*o - 61. Is f(19) a composite number?
True
Is (9570/990)/(1/4413) a prime number?
False
Suppose g = 4, 58 + 2 = 4*a - g. Suppose 5*l - 23904 = a*s - 17*s, l = s + 4782. Is l prime?
False
Suppose 0 = 8*z + 2*z - 30. Suppose 5*p - 42453 + 7398 = 0. Suppose -z*c + 4*j + 4205 = 2*j, 5*c = 4*j + p. Is c a composite number?
False
Suppose -34 = -4*h - 46. Let n = h - -146. Is n composite?
True
Suppose 5*f = 15, 4*u + f + 5 = 4. Let b be (3 - u)/(1 + -1 + 2). Suppose -3*c + 1305 = -b*l, 0*l = -3*l + 9. Is c composite?
True
Let x(w) = -w**3 - 6*w**2 + 6*w - 4. Let r be x(-7). Suppose 3*a - 12 = -a, -t = -2*a + r. Suppose 0 = t*h - 9*h + 78. Is h composite?
False
Is (-38717505)/(-1264) + (-30)/32 + 1 prime?
True
Suppose 0 = -114*w + 17221666 + 3536480. Is w prime?
True
Let q(j) = -j + 946. Let v be q(0). Suppose 255*m + 557 = 254*m. Let p = v + m. Is p a composite number?
False
Let i(x) = 2*x**2 + 57*x - 43. Suppose y + y = -3*l + 50, -3*y = -5*l + 96. Is i(l) a composite number?
True
Let o = 470087 + -100464. Is o a prime number?
False
Let f = 51 - 48. Suppose -a + 402 = f*i - i, -5*i + 2005 = 5*a. Let n = a + 133. Is n composite?
True
Let z = 479568 - 310849. Is z prime?
True
Suppose -13904*a = -13919*a + 1386135. Is a prime?
False
Suppose 3*u - 21 = -s - 2*s, 0 = -5*u - 3*s + 45. Suppose -m + u = 4. Suppose -1236 = -4*n - m. Is n a composite number?
False
Suppose 4*c = -5*k + 16, 5*k + 1 - 13 = -3*c. Suppose -x = -c*x - 2*d - 18, -3*d = 9. Is 127*5*x/(-20) prime?
True
Let k(b) = 297*b**2 + 14. Let q be 2/(-8)*(21 + -49). Is k(q) prime?
False
Suppose 3*a + 242 = 5*v - 4*v, -v + 217 = 2*a. Suppose 360 = 252*u - 256*u. Let m = v - u. Is m composite?
False
Suppose -41*s - 49*s + 2573525 = -65*s. Is s a composite number?
True
Let j = -17 - -22. Suppose 4 = 3*f - j. Suppose -829 = -f*b + 2*b + v, 5*v - 3316 = -4*b. Is b a composite number?
False
Suppose 2*d + 5*k - 888552 = 0, 5*d + 4*k = 2800983 - 579620. Is d prime?
True
Let i(q) = 17874*q + 6503. Is i(11) a prime number?
True
Let c(y) = y**3 - 102*y**2 - 32*y + 211. Is c(116) a composite number?
True
Suppose 0*z - 3*b - 312 = 3*z, 5*b - 510 = 5*z. Let m = 107 + z. Suppose 0 = 6*s - m*s - 2*n - 4736, -3*n = -5*s + 11830. Is s a composite number?
True
Let w(m) = 109*m + 42. Let p be (2 - (-3 - (3 + -5))) + 2. Is w(p) composite?
False
Suppose 0 = -7*h - 16 - 117. Let l be (21 + h)/(1/54). Let m = 235 - l. Is m prime?
True
Let w = -389813 - -568119. Is w a prime number?
False
Let w be 0*(1 + (-4)/8). Suppose -3*a + 14 = 5*h, -2*a - 7 + 3 = w. Suppose -h*g + 6*g = 154. Is g composite?
True
Let w = 3454 + -1983. Is w a prime number?
True
Let l be (-757)/((-2 - 4)/180). Suppose 8*s + 3214 = l. Is s a composite number?
False
Let w = -388 - -388. Is ((-86648)/32)/((-1)/4 - w) a prime number?
True
Let b be 3 - 12/4 - -5. Suppose 5*r + 5*i + 1090 = 0, -b*r + 3*i = 7*i + 1092. Let w = r + 347. Is w prime?
True
Is -19 + 1080/56 - (-64947)/21 composite?
True
Suppose 9*h = 119 + 12643. Let j = h + -611. Is j composite?
True
Let z = 72139 + -41705. Is z composite?
True
Let l = -602 + 607. Suppose -l*z + 2*z + 21232 = -5*d, -z - d = -7064. Is z a composite number?
False
Suppose -2*a = -2*q - 601 - 1735, 2 = 2*q. Let h = a - 958. Is h prime?
True
Let a be (3 - 6) + (-321860)/(-14). Is a + (15/(-10))/((-15)/(-20)) a composite number?
True
Let v be (-345)/(-40) + (-3)/(-8). Let u be (-1)/2 + (-9209)/(-2). Suppose -5*a = -v*a + u. Is a prime?
True
Let z = -65 - -129. Let y = z + -58. Is y/(-10) + 1 + (-1915)/(-25) a prime number?
False
Suppose 6*t = 61641 - 12717. Suppose 5*p + t = 4*r, -6*r + 6129 = -3*r + 3*p. Suppose -5*v = -6*v + r. Is v prime?
False
Suppose -69*f - 1779393 = -26180284 - 1228952. Is f composite?
False
Let h be ((-26)/3)/(24/(-9) + 2). Let x = h + -13. Is ((-4)/6 + x)/((-6)/837) a composite number?
True
Is -6 + -250*(-7 + 1288/(-16)) composite?
True
Is (-4)/46 + (-10 - (-1983293)/299) prime?
False
Let p(n) = -n**2 - 22*n - 15. Let c be p(-16). Let s = c + 88. Is s a composite number?
True
Suppose 2*y + 4*r = 14346, -3*y - 2*r - 12330 = -33849. Let g be 14/(-35) - (0 - (-142)/(-5)). Suppose 25*f = g*f - y. Is f a composite number?
True
Let w(g) = 2*g + 12 + 14 - 8. Let t be w(-8). Suppose -t*q + 3473 = -579. Is q a prime number?
False
Let w be 0*(4 + -5) - -4. Let l be (142/(-8))/(w/16). Let p = 8 - l. Is p prime?
True
Suppose 646 + 938 = 36*b. Suppose 1043 + b = v. Is v prime?
True
Let b = -109576 + 299039. Is b prime?
True
Suppose 0 = -60*c + 88425 + 41235. Is c composite?
False
Let u = -1035 - -4095. Suppose -3*k + u = -27339. Is k a composite number?
False
Suppose 83*a = 80*a + 363. Suppose 5*u - 133 = -2*x, 3*u + 2*u - a = x. Is 11052/(-45)*(u/2)/(-5) a prime number?
False
Suppose -5993 - 3769 = 3*u. Let i = -1269 - u. Is i a prime number?
False
Let w(x) be the third derivative of 73/3*x**5 + 19*x**2 + 0*x - 1/3*x**3 + 0 - 1/8*x**4. Is w(-1) a prime number?
False
Let y = -1 - -1. Suppose -5*g = -p - 33 - 4, 5 = -p + g. Suppose -s - 4*s = 5*r - 25890, 2*s - p*r - 10381 = y. Is s a composite number?
True
Let y = -56131 - -129978. Is y prime?
True
Let o be 26 + -29 + 19756/2. Suppose -5378 = -7*d + o. Is d a prime number?
True
Let i = -407200 + 573413. Is i a composite number?
True
Suppose 2300 + 4375 = 5*a. Suppose 4*q + c = a, 4*c - 2*c + 1672 = 5*q. Is q a composite number?
True
Let j = -76905 + 123514. Is j prime?
False
Let i = -39960 + 58859. Is i a composite number?
False
Let d(j) = 740*j - 2685. Is d(7) prime?
False
Is (-15)/(-75)*-4 - 4648676/(-20) a prime number?
True
Suppose 0 = -66*d + 72*d - 24. Suppose 16 = 2*o + 2*o, d*k = 5*o + 3344. Is k a composite number?
True
Suppose 4*b + 4*f + 26 = 14, 3*b 